5*v + 4*v - 5 + 2*v - 5*v. Let o be (8/(-14))/((-12)/14)*-6. Is r(o) a composite number?
True
Let r = 195541 + -66176. Is r prime?
False
Suppose 5*r - 79*r + 28392394 = 0. Is r a composite number?
False
Let t be 6 + 5*(-32)/(-20). Suppose -t*f + 23*f - 46323 = 0. Is f composite?
False
Is (-65)/((-1820)/1018416) - 2/(-2) composite?
False
Let n(r) = r**3 + r**2 + 2*r + 42786. Let z be n(0). Let l be z/8*(-16)/(-6). Is (-1)/4 + (l/24 - 7) prime?
True
Is -3*8/252 - (-4153174)/42 a prime number?
False
Let x(b) = 3*b + 6. Let i = 22 - 33. Let u be x(i). Let q = 42 + u. Is q a composite number?
True
Let t(n) = 11045*n**3 + n**2 - 3*n + 1. Let g be t(1). Let p = g - 6815. Suppose -3*m = -i - p, -3*i + 3003 = 4*m - 2627. Is m composite?
False
Let m = 258 - 253. Suppose -2*c - 10*t = -15*t - 26693, m*c - 66741 = 4*t. Is c a composite number?
True
Suppose 5*u - 4*g + 73 = -3*g, 5*g = 4*u + 50. Let s(b) = -254*b - 17. Is s(u) a composite number?
False
Let b = -7158 - -11705. Is b composite?
False
Let h(a) = -12*a - 243. Let l be h(0). Let v be 39*(2 + 2/(-3)). Let s = v - l. Is s a prime number?
False
Let l = -3694 - -61183. Is l a prime number?
False
Suppose -7*k - 6572 = 12111. Let v = k - -4426. Is v prime?
False
Let z(u) = u**3 - u**2 - 6. Let k(b) = -2*b - 6. Let h be k(-3). Let l be z(h). Is 1820/21 + 0 + (-2)/l a prime number?
False
Let m = 103586 - 1833. Is m composite?
True
Let s(o) = o**3 - o**2 - 8*o - 13. Let n be s(4). Suppose -20*y + 471 = -17*y - 3*g, -475 = -n*y + g. Is y prime?
False
Suppose 0 = 69*m - 6004512 - 8830009 + 1833955. Is m composite?
True
Suppose 0 = 2*g - z - 559, -2*g = -5*z - 208 - 331. Let f = g - -1353. Let d = f - 944. Is d composite?
False
Let q = -31 - -33. Suppose q*i - 106035 = -13*i. Is i a composite number?
False
Let b(w) = 1122*w - 1405. Is b(31) a prime number?
True
Suppose 2*y - 11 = -5*j - 3, j = -y + 1. Suppose -n = s - 3, -3*s = -4*n + j*n + 6. Suppose -b + 2532 = n*b. Is b a composite number?
True
Let z be (80/12 - 2)/((-3)/1539). Let k = 4087 + z. Is k a composite number?
False
Let w = 3746 + -2543. Suppose -2977 = -2*a - w. Is a a composite number?
False
Suppose -4*f - 1150 = -3366. Let p(q) = 247*q**3 + 6*q**2 - 3*q - 1. Let u be p(2). Let a = u - f. Is a prime?
True
Let c(m) = 20*m - 95. Let i(w) = -2. Let v(q) = c(q) + 25*i(q). Is v(24) a composite number?
True
Let i be (10/(-2))/((-5)/(-8765)). Let a = i - -15658. Suppose -4*z = -5*t + a, -t + 1384 = -0*t + z. Is t prime?
True
Let q(d) = d**3 - 17*d**2 - 22*d + 69. Let a be q(18). Is -15*a/18*3418*1 a prime number?
False
Suppose 6*z + 7*z - 21541 = 0. Suppose 2*n - 2416 = -t, 4*t + z - 467 = n. Suppose 2*s + n - 5636 = 0. Is s prime?
False
Suppose 2*g - 13*g - 61501 = 0. Let k = 7976 + g. Let w = k + -1072. Is w a prime number?
False
Suppose 0 = 2*f - 1694*d + 1696*d - 890024, 2*d = 4*f - 1780030. Is f prime?
False
Let h be ((-6)/(-2 + -1))/(1/(-1)). Is (2550/4)/(5/10) + h a composite number?
True
Let z be (40/(-14))/(8/(-28)). Suppose -24*a = -z*a - 113470. Is a prime?
False
Suppose 0 = -2*n + t + 1, 21 = -5*n - 5*t + 1. Let w(y) = -y**3 + 4*y**2 + 34*y - 139. Let d be w(4). Is -164*(d - 2) - (n - 0) prime?
True
Is (-16)/104 - 162/(-39) - (-36200)/8 a prime number?
False
Let m = -128 - -125. Let r = 6 + m. Suppose -11*x + r*x = -31592. Is x a composite number?
True
Suppose 38*f - 90 = 8*f. Suppose -3*k + 7064 = t, f*k + 5*t - 471 = 6613. Is k a prime number?
False
Let u(v) = 79*v**2 + v + 5. Let j be u(-3). Let m = -195 + j. Suppose -l + 113 = -m. Is l a prime number?
True
Suppose 16*l - 36937 = 327911. Let p = -1802 + l. Is p prime?
True
Let w be 454/10 + 1 - (-182)/(-455). Suppose -10*n + w*n = 61596. Is n a prime number?
False
Let k = 153 - 117. Suppose -q + k = -1283. Is q prime?
True
Let c = -296051 + 760464. Is c a composite number?
False
Suppose 3*s + 0*s - 3*x - 3 = 0, -12 = -3*x. Suppose -s*q = 4*c - 8*q - 6644, 4*q + 6644 = 4*c. Suppose -j + c - 346 = 0. Is j a composite number?
True
Suppose 2*l - 858 = -0*l. Let u(m) = -m**2 + 153*m - 4228. Let b be u(88). Let a = b + l. Is a a prime number?
False
Let i(g) = 10*g + 11. Let y be i(-7). Let w = y - -59. Suppose w = 3*r + r + 2*n - 220, 4*n - 220 = -4*r. Is r prime?
False
Suppose 5 = -0*k - k. Let q be 5 + k + -2*1. Is (1 - (-1139)/(-2))*q a prime number?
False
Suppose 2*n = 3*h - 62920 - 49905, -5*n = h - 37614. Suppose -6*a - 5*a + h = 0. Is a a composite number?
True
Let a(b) = 5*b - 72. Let g be a(15). Suppose -3408 = -g*x + d + 4920, -5*d = -2*x + 5539. Is x prime?
True
Let u be 7/(-28) + (-5)/(-4). Let t be u/6*2*0. Suppose t = -3*i + 54 + 741. Is i a composite number?
True
Suppose 0 = -5*d + 20, 29*w = 34*w - 4*d - 533229. Is w a prime number?
True
Is (1592334/(-24))/(30/(-40)) composite?
False
Suppose -3*i = 6590 + 7345. Let f = i - -7610. Is f a prime number?
False
Suppose -2*m + 2*u = -89506, m - 23242 = 5*u + 21535. Is m prime?
False
Let m = -1567 + 8016. Is m prime?
True
Let n(c) = 59*c - 93 + 266*c + 93*c. Is n(16) prime?
False
Let n(j) = 136*j**3 + 2*j - 2. Let r be n(1). Suppose 10 = -2*x + r. Let o = 202 + x. Is o prime?
False
Let i(j) = 87*j + 135347. Is i(0) a prime number?
True
Suppose 2220*r = 2196*r + 14512728. Is r a prime number?
True
Suppose -3*w = -x + 11989, 4*w - 27469 = -2*x - 3511. Is x a prime number?
False
Let u(c) = -31*c - 411. Suppose -t - 4*v = 8, 3*v - 34 = 2*t + 37. Is u(t) prime?
True
Suppose 102*w = -203*w + 62*w + 40917069. Is w a composite number?
True
Suppose -57*u - 311067 = -84*u. Let d = 29226 - u. Is d composite?
True
Suppose 229*n + 207*n - 57*n - 362585131 = 0. Is n composite?
False
Suppose -5 = -g, 2*i - 55943 = -2*i - 3*g. Suppose -3*h - i = -5*h - 4*y, 3*h - 20973 = -y. Is h composite?
False
Is (-25)/27 + 1 + (-58880653)/(-4401) a prime number?
False
Let o = 150664 - 74933. Is o a composite number?
False
Suppose -6*l + 2*l + 18*l - 5544406 = 0. Is l a prime number?
True
Suppose -815 = -2*m + 8385. Suppose 0 = 5*k - 0*k + m. Let w = k + 2179. Is w composite?
False
Let d(w) = 25*w**2 + 62*w + 1142. Is d(-115) composite?
False
Suppose -3*o - 25*a + 21*a = -535141, o + 3*a = 178382. Is o a prime number?
False
Let r be 3/6 + 81*513/(-6). Let k = -2441 - r. Is 6/14 + k/7 a composite number?
False
Suppose -h = 2, 3*r + 0*r - 2*h = -20. Let d(u) = 3*u + 26. Let p be d(r). Suppose 0 = -p*t + 2*g - 7*g + 451, 4 = 4*g. Is t prime?
True
Let d(c) be the third derivative of 7*c**5/30 - c**4/3 - 97*c**3/6 - 13*c**2. Is d(12) a composite number?
False
Suppose 6*w - 8*w + 50 = 0. Suppose 8*u = w - 9. Suppose -5*t + 937 + 689 = -u*x, 5*x = 10. Is t composite?
True
Let d = 1148513 - 34354. Is d composite?
False
Suppose 17057 = -i + 3*a - 8*a, i - 3*a = -17017. Is (370/(-50) - -8) + i/(-5) composite?
False
Let g(q) be the third derivative of q**6/60 + 61*q**5/60 + 17*q**4/24 - 19*q**3/6 + 20*q**2 - q. Let p be 8/(-20) + 128/(-5). Is g(p) composite?
False
Suppose 61*k = 59*k + h + 838401, -2*k - h + 838403 = 0. Is k a composite number?
False
Let o be (-1 - 3/1) + 1 - -3029. Let i = o + -1536. Suppose -12*s = -7*s - i. Is s a composite number?
True
Let r(v) = 1110*v**2 + 37*v + 15. Let c be r(12). Suppose 4*s + 34111 = c. Is s a composite number?
False
Let g(u) = 56*u**2 - 2*u + 21. Let z(d) = -d**2 - 4*d - 7. Let h be z(-4). Let i be g(h). Suppose -5*p = -i - 1666. Is p composite?
True
Suppose -19*y - 5*y = -96. Suppose 5*j = t - 527, -8*t + 1559 = -5*t - y*j. Is t a prime number?
False
Suppose 2*d + 3*k - 39 = -d, -2*k + 14 = d. Let f be 3/2*-12*d/(-54). Is -8 - -14 - -330 - (1 - f) composite?
True
Is 3/(-2 + (-493031)/(-246499)) a composite number?
False
Let b = -140 - -140. Suppose 0 = 4*d + 2*g - 3*g - 9268, -3*d - 2*g + 6951 = b. Is d a prime number?
False
Suppose 5*m - 4*m = 4. Let k(a) = 2*a**2 - 30*a - 3. Let f be k(15). Is m/(-6)*-291 - (6 + f) prime?
True
Let j = -57166 + 115503. Is j a prime number?
True
Let j = -241389 + 349618. Is j composite?
True
Let w(x) = 1326*x - 2153. Is w(14) a prime number?
True
Let y = -119443 - -198620. Is y prime?
False
Let j = -104 - -14. Let x = -1078 - j. Let c = x + 1533. Is c composite?
True
Let i(y) = y**3 - 6*y**2 - 9*y + 16. Let b be i(7). Is 1120/5 - b/2 prime?
True
Is 9315632/20 + (-21)/35 - (-10 + 12) prime